) to base 14.
-37
What is -102 (base 11) in base 7?
-234
-9 (base 16) to base 8
-11
What is -16 (base 14) in base 10?
-20
Convert 82 (base 10) to base 5.
312
-2 (base 3) to base 6
-2
Convert 2 (base 8) to base 2.
10
Convert -2 (base 14) to base 10.
-2
Convert e8 (base 15) to base 11.
189
Convert -26 (base 9) to base 16.
-18
What is -21 (base 6) in base 12?
-11
Convert -1233 (base 4) to base 15.
-76
-11 (base 15) to base 16
-10
What is 1a (base 16) in base 3?
222
What is -423 (base 6) in base 8?
-237
Convert 3 (base 8) to base 7.
3
Convert 113 (base 11) to base 9.
160
Convert -1b (base 16) to base 8.
-33
-10110101 (base 2) to base 6
-501
What is -5 (base 13) in base 10?
-5
What is 1 (base 16) in base 4?
1
What is 26 (base 9) in base 3?
220
What is 3 (base 5) in base 16?
3
What is 11100 (base 2) in base 14?
20
Convert 26 (base 16) to base 15.
28
-10201 (base 3) to base 16
-64
What is -2c (base 13) in base 9?
-42
-210 (base 6) to base 10
-78
-13 (base 6) to base 2
-1001
What is -53 (base 8) in base 2?
-101011
What is -22 (base 7) in base 12?
-14
-18 (base 14) to base 15
-17
33 (base 4) to base 11
14
-162 (base 11) to base 4
-2331
What is -16 (base 11) in base 10?
-17
-1 (base 10) to base 12
-1
Convert 0 (base 10) to base 4.
0
4 (base 16) to base 15
4
What is -14 (base 7) in base 2?
-1011
Convert 30 (base 11) to base 10.
33
11 (base 12) to base 11
12
What is 4 (base 9) in base 10?
4
What is -3 (base 13) in base 12?
-3
-1 (base 14) to base 10
-1
245 (base 8) to base 7
324
Convert -403 (base 9) to base 15.
-16c
Convert 0 (base 3) to base 13.
0
What is 10 (base 14) in base 4?
32
What is -213 (base 4) in base 9?
-43
-22 (base 14) to base 16
-1e
What is -1 (base 9) in base 3?
-1
What is -1042 (base 5) in base 8?
-223
10111010 (base 2) to base 8
272
What is -14 (base 7) in base 3?
-102
Convert 3 (base 13) to base 9.
3
What is 3 (base 13) in base 11?
3
Convert -35 (base 9) to base 6.
-52
Convert 9 (base 15) to base 14.
9
What is 41 (base 16) in base 3?
2102
Convert 4 (base 15) to base 14.
4
7 (base 13) to base 11
7
What is 16 (base 14) in base 13?
17
What is -4 (base 14) in base 16?
-4
Convert 21220 (base 3) to base 6.
553
What is -10 (base 6) in base 9?
-6
What is -11 (base 7) in base 4?
-20
Convert 3 (base 4) to base 5.
3
What is 1 (base 4) in base 16?
1
What is -32 (base 6) in base 3?
-202
What is 9a (base 15) in base 5?
1040
What is 2 (base 16) in base 12?
2
Convert -3 (base 5) to base 12.
-3
Convert -1e (base 16) to base 10.
-30
a (base 11) to base 9
11
What is 72 (base 11) in base 5?
304
Convert 20 (base 7) to base 6.
22
Convert -3 (base 15) to base 10.
-3
Convert 1 (base 10) to base 8.
1
3 (base 5) to base 6
3
Convert 105 (base 8) to base 4.
1011
What is -1100010 (base 2) in base 15?
-68
1a (base 11) to base 5
41
42 (base 9) to base 12
32
Convert -3 (base 8) to base 9.
-3
What is -16 (base 15) in base 6?
-33
Convert 32 (base 5) to base 6.
25
Convert 1111 (base 2) to base 8.
17
67 (base 8) to base 14
3d
What is -60 (base 7) in base 11?
-39
Convert -23 (base 12) to base 10.
-27
-4 (base 12) to base 10
-4
What is 46 (base 8) in base 15?
28
Convert -17 (base 13) to base 8.
-24
What is -3 (base 13) in base 15?
-3
What is 11 (base 12) in base 2?
1101
Convert 7 (base 10) to base 2.
111
Convert -2 (base 15) to base 7.
-2
68 (base 9) to base 15
42
What is -201 (base 3) in base 14?
-15
What is -2 (base 14) in base 16?
-2
3 (base 11) to base 14
3
Convert -1 (base 11) to base 12.
-1
What is 20 (base 3) in base 8?
6
Convert 1 (base 13) to base 6.
1
-135 (base 7) to base 12
-63
Convert -253 (base 8) to base 4.
-2223
What is -39 (base 14) in base 7?
-102
Convert -47 (base 10) to base 16.
-2f
Convert -11 (base 6) to base 8.
-7
What is 7 (base 16) in base 13?
7
What is -2 (base 14) in base 12?
-2
-126 (base 14) to base 15
-105
6 (base 12) to base 2
110
Convert -7 (base 16) to base 13.
-7
Convert -15 (base 11) to base 7.
-22
What is -4 (base 16) in base 12?
-4
What is -4 (base 13) in base 15?
-4
What is -2 (base 10) in base 13?
-2
What is 257 (base 12) in base 16?
163
What is -202 (base 3) in base 9?
-22
Convert f (base 16) to base 8.
17
2 (base 3) to base 9
2
Convert 19 (base 12) to base 16.
15
Convert -22 (base 9) to base 7.
-26
Convert b9 (base 13) to base 11.
129
What is 27 (base 13) in base 14?
25
Convert 0 (base 2) to base 4.
0
131 (base 10) to base 12
ab
Convert -2 (base 8) to base 15.
-2
What is -4 (base 13) in base 2?
-100
Convert 4 (base 13) to base 8.
4
Convert -31 (base 6) to base 10.
-19
Convert 22 (base 3) to base 5.
13
Convert 11010 (base 2) to base 14.
1c
Convert 24 (base 15) to base 2.
100010
Convert 100 (base 3) to base 9.
10
Convert 8 (base 10) to base 3.
22
-7 (base 14) to base 9
-7
What is -10100 (base 2) in base 12?
-18
Convert 5 (base 14) to base 9.
5
What is 1 (base 15) in base 9?
1
-4 (base 8) to base 14
-4
What is -3 (base 4) in base 6?
-3
4 (base 5) to base 16
4
What is -7 (base 15) in base 11?
-7
Convert -131 (base 4) to base 13.
-23
What is 7 (base 15) in base 11?
7
2 (base 12) to base 3
2
What is 3 (base 8) in base 14?
3
-3 (base 7) to base 14
-3
23 (base 13) to base 8
35
What is 1 (base 12) in base 8?
1
-13 (base 14) to base 15
-12
c (base 14) to base 4
30
Convert 73 (base 10) to base 7.
133
What is 7 (base 11) in base 3?
21
1 (base 15) to base 3
1
100 (base 2) to base 7
4
-255 (base 8) to base 16
-ad
-b2 (base 16) to base 5
-1203
-20 (base 9) to base 5
-33
What is -1 (base 16) in base 9?
-1
Convert -2 (base 10) to base 3.
-2
9 (base 15) to base 16
9
-2 (base 4) to base 9
-2
0 (base 12) to base 15
0
What is 5 (base 12) in base 16?
5
2 (base 11) to base 9
2
What is 20 (base 5) in base 14?
a
16 (base 16) to base 5
42
-4 (base 6) to base 5
-4
-36 (base 7) to base 14
-1d
Convert 3 (base 10) to base 2.
11
What is 66 (base 9) in base 14?
44
What is -20 (base 14) in base 12?
-24
Convert -2a (base 12) to base 15.
-24
What is 1 (base 12) in base 3?
1
1b (base 12) to base 4
113
What is -12 (base 13) in base 11?
-14
What is 4 (base 14) in base 16?
4
What is -12 (base 4) in base 14?
-6
-10000 (base 2) to base 15
-11
Convert -10 (base 4) to base 8.
-4
Convert 7 (base 14) to base 5.
12
What is 0 (base 14) in base 15?
0
Convert 1 (base 15) to base 2.
1
Convert 4 (base 10) to base 2.
100
What is -3 (base 14) in base 2?
-11
What is 68 (base 12) in base 13?
62
4 (base 8) to base 5
4
-1 (base 3) to base 7
-1
353 (base 6) to base 5
1031
Convert -7 (base 12) to base 7.
-10
Convert -13 (base 15) to base 14.
-14
Convert -1a (base 14) to base 2.
-11000
Convert 0 (base 7) to base 14.
0
What is 4a (base 11) in base 2?
110110
Convert -11 (base 6) to base 9.
-7
1 (base 5) to base 12
1
Convert 0 (base 12) to base 2.
0
What is -10111011 (base 2) in base 12?
-137
-4a (base 11) to base 13
-42
What is 3b (base 13) in base 7?
101
15 (base 15) to base 11
19
Convert 111000 (base 2) to base 14.
40
Convert 7c (base 14) to base 10.
110
Convert 7 (base 11) to base 13.
7
Convert 120 (base 11) to base 5.
1033
Convert 22 (base 14) to base 16.
1e
4 (base 8) to base 2
100
What is 1 (base 3) in base 7?
1
Convert -4 (base 12) to base 3.
-11
What is -103 (base 5) in base 3?
-1001
What is -6 (base 11) in base 7?
-6
-35 (base 15) to base 10
-50
1 (base 2) to base 15
1
-8 (base 16) to base 4
-20
What is -144 (base 6) in base 13?
-4c
32 (base 16) to base 11
46
6 (base 14) to base 13
6
Convert -74 (base 8) to base 3.
-2020
What is 1 (base 13) in base 9?
1
What is 0 (base 12) in base 10?
0
Convert -3 (base 13) to base 6.
-3
-4 (base 16) to base 2
-100
What is 3 (base 15) in base 5?
3
81 (base 15) to base 8
171
What is -4 (base 7) in base 16?
-4
What is -1320 (base 4) in base 8?
-170
Convert 110111 (base 2) to base 8.
67
3 (base 14) to base 9
3
Convert 4 (base 8) to base 3.
11
Convert c1 (base 13) to base 4.
2131
-8 (base 11) to base 12
-8
32 (base 5) to base 14
13
-52 (base 9) to base 3
-1202
What is -a (base 14) in base 6?
-14
-21110 (base 3) to base 8
-311
-10100 (base 2) to base 8
-24
-102111 (base 3) to base 13
-1ab
What is -23 (base 8) in base 10?
-19
What is 5 (base 15) in base 16?
5
Convert 82 (base 9) to base 5.
244
Convert -16 (base 7) to base 16.
-d
-1 (base 5) to base 4
-1
What is -1 (base 4) in base 6?
-1
-5 (base 9) to base 10
-5
Convert -50 (base 13) to base 2.
-100000